{"id":17,"date":"2025-03-19T07:31:17","date_gmt":"2025-03-19T07:31:17","guid":{"rendered":"https:\/\/gamewibet.today\/?page_id=17"},"modified":"2025-08-29T01:47:06","modified_gmt":"2025-08-29T01:47:06","slug":"home","status":"publish","type":"page","link":"https:\/\/gamewibet.site\/","title":{"rendered":"Home"},"content":{"rendered":"\n\t<section class=\"section main-section loading-spinner\" id=\"section_1032496608\">\n\t\t<div class=\"bg section-bg fill bg-fill  bg-loaded\" >\n\n\t\t\t\n\t\t\t<div class=\"loading-spin centered\"><\/div>\n\t\t\t\n\n\t\t<\/div>\n\n\t\t\n\n\t\t<div class=\"section-content relative\">\n\t\t\t\n\n<div class=\"row row-main\"  id=\"row-1733838122\">\n\n\n\t<div id=\"col-1987853945\" class=\"col col-left pb-0 medium-12 small-12 large-12\"  >\n\t\t\t\t<div class=\"col-inner text-center\"  >\n\t\t\t\n\t\t\t\n\n\t<div id=\"stack-3184164067\" class=\"stack stack-main stack-row justify-start items-stretch\">\n\t\t\n\n\t<div id=\"stack-3220542286\" class=\"stack stack-banner-left stack-col justify-start items-stretch\">\n\t\t\n\n\t<div class=\"img has-hover logo-pc x md-x lg-x y md-y lg-y\" id=\"image_1902038529\">\n\t\t\t\t\t\t\t\t<div class=\"img-inner dark\" >\n\t\t\t<img decoding=\"async\" src=\"https:\/\/gamewibet.site\/wp-content\/uploads\/2025\/08\/Wibet.svg\" class=\"attachment-original size-original\" alt=\"\" \/>\t\t\t\t\t\t\n\t\t\t\t\t<\/div>\n\t\t\t\t\t\t\t\t\n<style>\n#image_1902038529 {\n  width: 100%;\n}\n<\/style>\n\t<\/div>\n\t\n\n\t<div class=\"img has-hover top-img-left x md-x lg-x y md-y lg-y\" id=\"image_1955469653\">\n\t\t\t\t\t\t\t\t<div class=\"img-inner dark\" >\n\t\t\t<img loading=\"lazy\" decoding=\"async\" width=\"1500\" height=\"650\" src=\"https:\/\/gamewibet.site\/wp-content\/uploads\/2025\/08\/thUONG-NAP-1-min.png\" class=\"attachment-original size-original\" alt=\"\" srcset=\"https:\/\/gamewibet.site\/wp-content\/uploads\/2025\/08\/thUONG-NAP-1-min.png 1500w, https:\/\/gamewibet.site\/wp-content\/uploads\/2025\/08\/thUONG-NAP-1-min-300x130.png 300w, https:\/\/gamewibet.site\/wp-content\/uploads\/2025\/08\/thUONG-NAP-1-min-1024x444.png 1024w, https:\/\/gamewibet.site\/wp-content\/uploads\/2025\/08\/thUONG-NAP-1-min-768x333.png 768w\" sizes=\"auto, (max-width: 1500px) 100vw, 1500px\" \/>\t\t\t\t\t\t\n\t\t\t\t\t<\/div>\n\t\t\t\t\t\t\t\t\n<style>\n#image_1955469653 {\n  width: 100%;\n}\n<\/style>\n\t<\/div>\n\t\n\n\t<div class=\"img has-hover bottom-img-left x md-x lg-x y md-y lg-y\" id=\"image_1933774286\">\n\t\t\t\t\t\t\t\t<div class=\"img-inner dark\" >\n\t\t\t<img loading=\"lazy\" decoding=\"async\" width=\"1500\" height=\"1239\" src=\"https:\/\/gamewibet.site\/wp-content\/uploads\/2025\/08\/hOAN-TRA-1-min.png\" class=\"attachment-original size-original\" alt=\"\" srcset=\"https:\/\/gamewibet.site\/wp-content\/uploads\/2025\/08\/hOAN-TRA-1-min.png 1500w, https:\/\/gamewibet.site\/wp-content\/uploads\/2025\/08\/hOAN-TRA-1-min-300x248.png 300w, https:\/\/gamewibet.site\/wp-content\/uploads\/2025\/08\/hOAN-TRA-1-min-1024x846.png 1024w, https:\/\/gamewibet.site\/wp-content\/uploads\/2025\/08\/hOAN-TRA-1-min-768x634.png 768w\" sizes=\"auto, (max-width: 1500px) 100vw, 1500px\" \/>\t\t\t\t\t\t\n\t\t\t\t\t<\/div>\n\t\t\t\t\t\t\t\t\n<style>\n#image_1933774286 {\n  width: 100%;\n}\n<\/style>\n\t<\/div>\n\t\n\n\n\t\t\n<style>\n#stack-3220542286 > * {\n  --stack-gap: 0.375rem;\n}\n<\/style>\n\t<\/div>\n\t\n\t<div id=\"stack-1427169769\" class=\"stack stack-banner-mid stack-col justify-start items-stretch\">\n\t\t\n\n\n\n<div id=\"lottie-animation\"><\/div>\n\n\t<div class=\"img has-hover img-banner-mid x md-x lg-x y md-y lg-y\" id=\"image_1731268497\">\n\t\t\t\t\t\t\t\t<div class=\"img-inner dark\" >\n\t\t\t<img loading=\"lazy\" decoding=\"async\" width=\"1020\" height=\"446\" src=\"https:\/\/gamewibet.site\/wp-content\/uploads\/2025\/08\/slogan-1-min-1024x448.png\" class=\"attachment-large size-large\" alt=\"\" srcset=\"https:\/\/gamewibet.site\/wp-content\/uploads\/2025\/08\/slogan-1-min-1024x448.png 1024w, https:\/\/gamewibet.site\/wp-content\/uploads\/2025\/08\/slogan-1-min-300x131.png 300w, https:\/\/gamewibet.site\/wp-content\/uploads\/2025\/08\/slogan-1-min-768x336.png 768w, https:\/\/gamewibet.site\/wp-content\/uploads\/2025\/08\/slogan-1-min.png 1500w\" sizes=\"auto, (max-width: 1020px) 100vw, 1020px\" \/>\t\t\t\t\t\t\n\t\t\t\t\t<\/div>\n\t\t\t\t\t\t\t\t\n<style>\n#image_1731268497 {\n  width: 100%;\n}\n<\/style>\n\t<\/div>\n\t\n\n\t<div class=\"img has-hover btn-pc open-popup animation-zoom x md-x lg-x y md-y lg-y\" id=\"image_1066242384\">\n\t\t\t\t\t\t\t\t<div class=\"img-inner dark\" >\n\t\t\t<img loading=\"lazy\" decoding=\"async\" width=\"1000\" height=\"171\" src=\"https:\/\/gamewibet.site\/wp-content\/uploads\/2025\/08\/Button-mB.png\" class=\"attachment-large size-large\" alt=\"\" srcset=\"https:\/\/gamewibet.site\/wp-content\/uploads\/2025\/08\/Button-mB.png 1000w, https:\/\/gamewibet.site\/wp-content\/uploads\/2025\/08\/Button-mB-300x51.png 300w, https:\/\/gamewibet.site\/wp-content\/uploads\/2025\/08\/Button-mB-768x131.png 768w\" sizes=\"auto, (max-width: 1000px) 100vw, 1000px\" \/>\t\t\t\t\t\t\n\t\t\t\t\t<\/div>\n\t\t\t\t\t\t\t\t\n<style>\n#image_1066242384 {\n  width: 100%;\n}\n<\/style>\n\t<\/div>\n\t\n\n\n\t\t\n<style>\n#stack-1427169769 > * {\n  --stack-gap: 0rem;\n}\n<\/style>\n\t<\/div>\n\t\n\t<div id=\"stack-3905100536\" class=\"stack stack-banner-right stack-col justify-start items-stretch\">\n\t\t\n\n\t<div class=\"img has-hover top-img-right x md-x lg-x y md-y lg-y\" id=\"image_103149976\">\n\t\t\t\t\t\t\t\t<div class=\"img-inner dark\" >\n\t\t\t<img loading=\"lazy\" decoding=\"async\" width=\"1500\" height=\"885\" src=\"https:\/\/gamewibet.site\/wp-content\/uploads\/2025\/08\/Live-casino-1-min.png\" class=\"attachment-original size-original\" alt=\"\" srcset=\"https:\/\/gamewibet.site\/wp-content\/uploads\/2025\/08\/Live-casino-1-min.png 1500w, https:\/\/gamewibet.site\/wp-content\/uploads\/2025\/08\/Live-casino-1-min-300x177.png 300w, https:\/\/gamewibet.site\/wp-content\/uploads\/2025\/08\/Live-casino-1-min-1024x604.png 1024w, https:\/\/gamewibet.site\/wp-content\/uploads\/2025\/08\/Live-casino-1-min-768x453.png 768w\" sizes=\"auto, (max-width: 1500px) 100vw, 1500px\" \/>\t\t\t\t\t\t\n\t\t\t\t\t<\/div>\n\t\t\t\t\t\t\t\t\n<style>\n#image_103149976 {\n  width: 100%;\n}\n<\/style>\n\t<\/div>\n\t\n\n\t<div class=\"img has-hover bottom-img-right x md-x lg-x y md-y lg-y\" id=\"image_98535583\">\n\t\t\t\t\t\t\t\t<div class=\"img-inner dark\" >\n\t\t\t<img loading=\"lazy\" decoding=\"async\" width=\"1500\" height=\"1430\" src=\"https:\/\/gamewibet.site\/wp-content\/uploads\/2025\/08\/20TR-1-min.png\" class=\"attachment-original size-original\" alt=\"\" srcset=\"https:\/\/gamewibet.site\/wp-content\/uploads\/2025\/08\/20TR-1-min.png 1500w, https:\/\/gamewibet.site\/wp-content\/uploads\/2025\/08\/20TR-1-min-300x286.png 300w, https:\/\/gamewibet.site\/wp-content\/uploads\/2025\/08\/20TR-1-min-1024x976.png 1024w, https:\/\/gamewibet.site\/wp-content\/uploads\/2025\/08\/20TR-1-min-768x732.png 768w\" sizes=\"auto, (max-width: 1500px) 100vw, 1500px\" \/>\t\t\t\t\t\t\n\t\t\t\t\t<\/div>\n\t\t\t\t\t\t\t\t\n<style>\n#image_98535583 {\n  width: 100%;\n}\n<\/style>\n\t<\/div>\n\t\n\n\n\t\t\n<style>\n#stack-3905100536 > * {\n  --stack-gap: 0.1875rem;\n}\n<\/style>\n\t<\/div>\n\t\n\n\t\t\n<style>\n#stack-3184164067 > * {\n  --stack-gap: 0rem;\n}\n<\/style>\n\t<\/div>\n\t\n\n\t\t<\/div>\n\t\t\t\t\t<\/div>\n\n\t\n\n<\/div>\n\n<div id=\"popup-register\" class=\"overlay \" style=\"display: none;\">\n    <div class=\"popup\">\n                    <span class=\"close close-popup\">\n                <img decoding=\"async\" src=\"https:\/\/gamewibet.site\/wp-content\/uploads\/2025\/08\/Frame-36.png\" alt=\"icon form\">\n            <\/span>\n        \n        <div class=\"popup-header-block\">\n            \t<div class=\"img has-hover logo-layout x md-x lg-x y md-y lg-y\" id=\"image_1371804954\">\n\t\t\t\t\t\t\t\t<div class=\"img-inner dark\" >\n\t\t\t<img loading=\"lazy\" decoding=\"async\" width=\"1020\" height=\"446\" src=\"https:\/\/gamewibet.site\/wp-content\/uploads\/2025\/08\/slogan-1-min-1024x448.png\" class=\"attachment-large size-large\" alt=\"\" srcset=\"https:\/\/gamewibet.site\/wp-content\/uploads\/2025\/08\/slogan-1-min-1024x448.png 1024w, https:\/\/gamewibet.site\/wp-content\/uploads\/2025\/08\/slogan-1-min-300x131.png 300w, https:\/\/gamewibet.site\/wp-content\/uploads\/2025\/08\/slogan-1-min-768x336.png 768w, https:\/\/gamewibet.site\/wp-content\/uploads\/2025\/08\/slogan-1-min.png 1500w\" sizes=\"auto, (max-width: 1020px) 100vw, 1020px\" \/>\t\t\t\t\t\t\n\t\t\t\t\t<\/div>\n\t\t\t\t\t\t\t\t\n<style>\n#image_1371804954 {\n  width: 100%;\n}\n<\/style>\n\t<\/div>\n\t\n\n\t<div class=\"img has-hover text-1-layout x md-x lg-x y md-y lg-y\" id=\"image_1425739138\">\n\t\t\t\t\t\t\t\t<div class=\"img-inner dark\" >\n\t\t\t<img loading=\"lazy\" decoding=\"async\" width=\"1\" height=\"1\" src=\"https:\/\/gamewibet.site\/wp-content\/uploads\/2025\/08\/DANG-KY-TAI-KHOAN.svg\" class=\"attachment-large size-large\" alt=\"\" \/>\t\t\t\t\t\t\n\t\t\t\t\t<\/div>\n\t\t\t\t\t\t\t\t\n<style>\n#image_1425739138 {\n  width: 100%;\n}\n<\/style>\n\t<\/div>\n\t\n\n\t<div class=\"img has-hover text-2-layout x md-x lg-x y md-y lg-y\" id=\"image_1710602784\">\n\t\t\t\t\t\t\t\t<div class=\"img-inner dark\" >\n\t\t\t<img loading=\"lazy\" decoding=\"async\" width=\"1\" height=\"1\" src=\"https:\/\/gamewibet.site\/wp-content\/uploads\/2025\/08\/20.000.000-VND.svg\" class=\"attachment-large size-large\" alt=\"\" \/>\t\t\t\t\t\t\n\t\t\t\t\t<\/div>\n\t\t\t\t\t\t\t\t\n<style>\n#image_1710602784 {\n  width: 100%;\n}\n<\/style>\n\t<\/div>\n\t        <\/div>\n\n        <form class=\"form-submit\">\n            <div class=\"form-input-wrapper \">\n                                <div class=\"form-input form-input-user\">\n                    <input type=\"text\" name=\"input-name\" placeholder=\"T\u00ean \u0111\u0103ng nh\u1eadp\" id=\"input-name644294\">\n                <\/div>\n                <p class=\"validate-user\"><\/p>\n            <\/div>\n\n            <div class=\"form-input-wrapper \">\n                                <div class=\"form-input form-input-pass\">\n                    <input type=\"password\" name=\"input-pass\" placeholder=\"M\u1eadt kh\u1ea9u\" id=\"input-pass644294\">\n                    <img decoding=\"async\" src=\"https:\/\/gamewibet.site\/wp-content\/uploads\/2025\/07\/icon-eye-1-1.svg\" alt=\"icon form\"\n                         class=\"toggle-password\"\n                         data-show-pass=\"https:\/\/gamewibet.site\/wp-content\/uploads\/2025\/07\/icon-eye-2-1.svg\"\n                         data-hide-pass=\"https:\/\/gamewibet.site\/wp-content\/uploads\/2025\/07\/icon-eye-1-1.svg\">\n                <\/div>\n                <p class=\"validate-password\"><\/p>\n            <\/div>\n\n                                        <div class=\"form-input-wrapper \">\n                                        <div class=\"form-input form-input-phone\">\n                        <input type=\"tel\" name=\"input-phone\" placeholder=\"S\u1ed1 \u0111i\u1ec7n tho\u1ea1i\"\n                            pattern=\"[0-9]{10}\" inputmode=\"numeric\" maxlength=\"10\" id=\"input-phone644294\">\n                    <\/div>\n                    <p class=\"validate-phone\"><\/p>\n                    <p class=\"error-message\"><\/p>\n                <\/div>\n                        <div class=\"btn-register btn-register-popup\">\n                \t<div class=\"img has-hover btn-submit x md-x lg-x y md-y lg-y\" id=\"image_1792927217\">\n\t\t\t\t\t\t\t\t<div class=\"img-inner dark\" >\n\t\t\t<img loading=\"lazy\" decoding=\"async\" width=\"1000\" height=\"171\" src=\"https:\/\/gamewibet.site\/wp-content\/uploads\/2025\/08\/Button-mB.png\" class=\"attachment-original size-original\" alt=\"\" srcset=\"https:\/\/gamewibet.site\/wp-content\/uploads\/2025\/08\/Button-mB.png 1000w, https:\/\/gamewibet.site\/wp-content\/uploads\/2025\/08\/Button-mB-300x51.png 300w, https:\/\/gamewibet.site\/wp-content\/uploads\/2025\/08\/Button-mB-768x131.png 768w\" sizes=\"auto, (max-width: 1000px) 100vw, 1000px\" \/>\t\t\t\t\t\t\n\t\t\t\t\t<\/div>\n\t\t\t\t\t\t\t\t\n<style>\n#image_1792927217 {\n  width: 100%;\n}\n<\/style>\n\t<\/div>\n\t            <\/div>\n        <\/form>\n\n        <div class=\"popup-footer-block\">\n                    <\/div>\n    <\/div>\n<\/div>\n\n\n\n\t\t<\/div>\n\n\t\t\n<style>\n#section_1032496608 {\n  padding-top: 0px;\n  padding-bottom: 0px;\n}\n<\/style>\n\t<\/section>\n\t\n\t<div class=\"img has-hover img-fixed-bottom x md-x lg-x y md-y lg-y\" id=\"image_1196739339\">\n\t\t\t\t\t\t\t\t<div class=\"img-inner dark\" >\n\t\t\t<img loading=\"lazy\" decoding=\"async\" width=\"800\" height=\"145\" src=\"https:\/\/gamewibet.site\/wp-content\/uploads\/2025\/08\/bg-logo-1-min.png\" class=\"attachment-original size-original\" alt=\"\" srcset=\"https:\/\/gamewibet.site\/wp-content\/uploads\/2025\/08\/bg-logo-1-min.png 800w, https:\/\/gamewibet.site\/wp-content\/uploads\/2025\/08\/bg-logo-1-min-300x54.png 300w, https:\/\/gamewibet.site\/wp-content\/uploads\/2025\/08\/bg-logo-1-min-768x139.png 768w\" sizes=\"auto, (max-width: 800px) 100vw, 800px\" \/>\t\t\t\t\t\t\n\t\t\t\t\t<\/div>\n\t\t\t\t\t\t\t\t\n<style>\n#image_1196739339 {\n  width: 100%;\n}\n<\/style>\n\t<\/div>\n\t\n\n\n","protected":false},"excerpt":{"rendered":"","protected":false},"author":1,"featured_media":0,"parent":0,"menu_order":0,"comment_status":"closed","ping_status":"closed","template":"","meta":{"footnotes":""},"class_list":["post-17","page","type-page","status-publish","hentry"],"_links":{"self":[{"href":"https:\/\/gamewibet.site\/index.php\/wp-json\/wp\/v2\/pages\/17","targetHints":{"allow":["GET"]}}],"collection":[{"href":"https:\/\/gamewibet.site\/index.php\/wp-json\/wp\/v2\/pages"}],"about":[{"href":"https:\/\/gamewibet.site\/index.php\/wp-json\/wp\/v2\/types\/page"}],"author":[{"embeddable":true,"href":"https:\/\/gamewibet.site\/index.php\/wp-json\/wp\/v2\/users\/1"}],"replies":[{"embeddable":true,"href":"https:\/\/gamewibet.site\/index.php\/wp-json\/wp\/v2\/comments?post=17"}],"version-history":[{"count":576,"href":"https:\/\/gamewibet.site\/index.php\/wp-json\/wp\/v2\/pages\/17\/revisions"}],"predecessor-version":[{"id":2661,"href":"https:\/\/gamewibet.site\/index.php\/wp-json\/wp\/v2\/pages\/17\/revisions\/2661"}],"wp:attachment":[{"href":"https:\/\/gamewibet.site\/index.php\/wp-json\/wp\/v2\/media?parent=17"}],"curies":[{"name":"wp","href":"https:\/\/api.w.org\/{rel}","templated":true}]}}